{"id":70,"date":"2015-02-09T22:16:50","date_gmt":"2015-02-09T22:16:50","guid":{"rendered":"http:\/\/mops1.home.pl\/mops2015\/?page_id=70"},"modified":"2025-03-21T17:45:21","modified_gmt":"2025-03-21T15:45:21","slug":"akty-prawne","status":"publish","type":"page","link":"https:\/\/mops.malbork.pl\/?page_id=70","title":{"rendered":"\u015awiadczenia z funduszu alimentacyjnego"},"content":{"rendered":"\n<p><strong>I. Kto mo\u017ce skorzysta\u0107 z funduszu alimentacyjnego i jakie kryteria nale\u017cy spe\u0142nia\u0107?<\/strong><\/p>\n\n\n\n<div style=\"height:18px\" aria-hidden=\"true\" class=\"wp-block-spacer\"><\/div>\n\n\n\n<p>Fundusz alimentacyjny przys\u0142uguje osobie, kt\u00f3ra ma zas\u0105dzone alimenty na podstawie tytu\u0142u wykonawczego pochodz\u0105cego lub zatwierdzonego przez s\u0105d, je\u017celi jego egzekucja okaza\u0142a si\u0119 bezskuteczna.<\/p>\n\n\n\n<div style=\"height:21px\" aria-hidden=\"true\" class=\"wp-block-spacer\"><\/div>\n\n\n\n<p>\u015awiadczenia z funduszu alimentacyjnego przys\u0142uguj\u0105 osobie uprawnionej:<\/p>\n\n\n\n<div style=\"height:20px\" aria-hidden=\"true\" class=\"wp-block-spacer\"><\/div>\n\n\n\n<ul class=\"wp-block-list\">\n<li>do uko\u0144czenia 18 roku \u017cycia;<\/li>\n\n\n\n<li>do uko\u0144czenia nauki w szkole lub szkole wy\u017cszej, jednak nie d\u0142u\u017cej ni\u017c do uko\u0144czenia 25 roku \u017cycia;<\/li>\n\n\n\n<li>bezterminowo, je\u017celi osoba uprawniona legitymuje si\u0119 orzeczeniem o znacznym stopniu niepe\u0142nosprawno\u015bci.<\/li>\n<\/ul>\n\n\n\n<div style=\"height:18px\" aria-hidden=\"true\" class=\"wp-block-spacer\"><\/div>\n\n\n\n<p>\u015awiadczenia z funduszu alimentacyjnego nie przys\u0142uguj\u0105, je\u017celi osoba uprawniona:<\/p>\n\n\n\n<div style=\"height:24px\" aria-hidden=\"true\" class=\"wp-block-spacer\"><\/div>\n\n\n\n<ul class=\"wp-block-list\">\n<li>zosta\u0142a umieszczona w instytucji zapewniaj\u0105cej ca\u0142odobowe utrzymanie albo w pieczy zast\u0119pczej;<\/li>\n\n\n\n<li>zawar\u0142a zwi\u0105zek ma\u0142\u017ce\u0144ski.<\/li>\n<\/ul>\n\n\n\n<div style=\"height:20px\" aria-hidden=\"true\" class=\"wp-block-spacer\"><\/div>\n\n\n\n<p>\u015awiadczenia z funduszu alimentacyjnego przys\u0142uguj\u0105 w wysoko\u015bci bie\u017c\u0105co ustalonych aliment\u00f3w, jednak\u017ce nie wy\u017cszej ni\u017c 1000 z\u0142 miesi\u0119cznie.<\/p>\n\n\n\n<div style=\"height:23px\" aria-hidden=\"true\" class=\"wp-block-spacer\"><\/div>\n\n\n\n<p><strong>Od 1 pa\u017adziernika 2023 r.<\/strong> \u015bwiadczenia z funduszu alimentacyjnego przys\u0142uguj\u0105, je\u017celi doch\u00f3d rodziny w przeliczeniu na osob\u0119 w rodzinie nie przekracza kwoty<strong> 1209 z\u0142.<\/strong><br>\nDoch\u00f3d ustala si\u0119 na podstawie dochodu z roku poprzedzaj\u0105cego okres zasi\u0142kowy, tzw. bazowego, uwzgl\u0119dniaj\u0105c jednocze\u015bnie aktualn\u0105 sytuacj\u0119 rodziny tzn. utrat\u0119 dochodu lub jego uzyskanie po roku bazowym. Doch\u00f3d z roku bazowego dzieli si\u0119 przez liczb\u0119 miesi\u0119cy, w kt\u00f3rych doch\u00f3d by\u0142 osi\u0105gany.<\/p>\n\n\n\n<div style=\"height:21px\" aria-hidden=\"true\" class=\"wp-block-spacer\"><\/div>\n\n\n\n<p>W przypadku gdy doch\u00f3d rodziny w przeliczeniu na osob\u0119 w rodzinie przekracza kwot\u0119 1209 z\u0142., o kwot\u0119 nie wy\u017csz\u0105 ni\u017c kwota \u015bwiadczenia z funduszu alimentacyjnego przys\u0142uguj\u0105cego danej osobie uprawnionej w okresie \u015bwiadczeniowym, na kt\u00f3ry jest ustalane prawo do tego \u015bwiadczenia, \u015bwiadczenie z funduszu alimentacyjnego przys\u0142uguje w wysoko\u015bci r\u00f3\u017cnicy mi\u0119dzy kwot\u0105 \u015bwiadczenia z funduszu alimentacyjnego przys\u0142uguj\u0105cego danej osobie uprawnionej a kwot\u0105, o kt\u00f3r\u0105 zosta\u0142 przekroczony doch\u00f3d rodziny w przeliczeniu na osob\u0119 w rodzinie.<\/p>\n\n\n\n<div style=\"height:19px\" aria-hidden=\"true\" class=\"wp-block-spacer\"><\/div>\n\n\n\n<p>W przypadku gdy wysoko\u015b\u0107 \u015bwiadczenia z funduszu alimentacyjnego przys\u0142uguj\u0105cego danej osobie uprawnionej, ustalona wg zasady &#8222;z\u0142ot\u00f3wka za z\u0142ot\u00f3wk\u0119&#8221; jest ni\u017csza ni\u017c 100 z\u0142, \u015bwiadczenie to nie przys\u0142uguje.<\/p>\n\n\n\n<div style=\"height:20px\" aria-hidden=\"true\" class=\"wp-block-spacer\"><\/div>\n\n\n\n<p><strong>II. W jakie wysoko\u015bci wyp\u0142acane jest \u015bwiadczenie z Funduszu alimentacyjnego?<\/strong><\/p>\n\n\n\n<div style=\"height:22px\" aria-hidden=\"true\" class=\"wp-block-spacer\"><\/div>\n\n\n\n<p>\u015awiadczenia z funduszu alimentacyjnego przys\u0142uguj\u0105 w wysoko\u015bci bie\u017c\u0105co ustalonych aliment\u00f3w, jednak nie wi\u0119cej ni\u017c 1000,00 z\u0142.<\/p>\n\n\n\n<div style=\"height:18px\" aria-hidden=\"true\" class=\"wp-block-spacer\"><\/div>\n\n\n\n<p><strong>III. Niezb\u0119dne dokumenty<\/strong><\/p>\n\n\n\n<div style=\"height:24px\" aria-hidden=\"true\" class=\"wp-block-spacer\"><\/div>\n\n\n\n<p>Do wniosku o ustalenie prawo do \u015bwiadcze\u0144 z funduszu alimentacyjnego nale\u017cy do\u0142\u0105czy\u0107 w szczeg\u00f3lno\u015bci:<\/p>\n\n\n\n<div style=\"height:22px\" aria-hidden=\"true\" class=\"wp-block-spacer\"><\/div>\n\n\n\n<p>&#8211; za\u015bwiadczenia lub o\u015bwiadczenia dokumentuj\u0105ce wysoko\u015b\u0107 innych dochod\u00f3w ni\u017c dochody podlegaj\u0105ce opodatkowaniu podatkiem dochodowym od os\u00f3b fizycznych na zasadach okre\u015blonych w art. 27, art. 30b, art. 30c, art. 30e i art. 30fustawy z dnia 26 lipca 1991 r. o podatku dochodowym od os\u00f3b fizycznych, dotycz\u0105ce ka\u017cdego cz\u0142onka rodziny;<\/p>\n\n\n\n<div style=\"height:22px\" aria-hidden=\"true\" class=\"wp-block-spacer\"><\/div>\n\n\n\n<p>&#8211; za\u015bwiadczenie naczelnika urz\u0119du skarbowego, dotycz\u0105ce cz\u0142onk\u00f3w rodziny rozliczaj\u0105cych si\u0119 na podstawie przepis\u00f3w o zrycza\u0142towanym podatku dochodowym od niekt\u00f3rych przychod\u00f3w osi\u0105ganych przez osoby fizyczne, zawieraj\u0105ce informacje odpowiednio o:<\/p>\n\n\n\n<div style=\"height:20px\" aria-hidden=\"true\" class=\"wp-block-spacer\"><\/div>\n\n\n\n<p>a) formie op\u0142acanego podatku,<br>\nb) wysoko\u015bci przychodu,<br>\nc) stawce podatku,<br>\nd) wysoko\u015bci op\u0142aconego podatku<\/p>\n\n\n\n<div style=\"height:19px\" aria-hidden=\"true\" class=\"wp-block-spacer\"><\/div>\n\n\n\n<ul class=\"wp-block-list\">\n<li><strong>w roku kalendarzowym poprzedzaj\u0105cym okres \u015bwiadczeniowy;<\/strong><\/li>\n\n\n\n<li>za\u015bwiadczenie w\u0142a\u015bciwego organu gminy, albo o\u015bwiadczenie wielko\u015bci gospodarstwa rolnego wyra\u017conej w hektarach przeliczeniowych og\u00f3lnej powierzchni w roku kalendarzowym poprzedzaj\u0105cym okres \u015bwiadczeniowy albo nakaz p\u0142atniczy za ten rok,<\/li>\n\n\n\n<li>przekazy lub przelewy pieni\u0119\u017cne dokumentuj\u0105ce wysoko\u015b\u0107 aliment\u00f3w, je\u017celi cz\u0142onkowie rodziny s\u0105 zobowi\u0105zani wyrokiem s\u0105du lub ugod\u0105 s\u0105dow\u0105 do ich p\u0142acenia na rzecz osoby spoza rodziny,<\/li>\n\n\n\n<li>przekazy lub przelewy pieni\u0119\u017cne dokumentuj\u0105ce faktyczn\u0105 wysoko\u015b\u0107 otrzymanych aliment\u00f3w, w przypadku uzyskania aliment\u00f3w ni\u017cszych ni\u017c zas\u0105dzone w wyroku lub ugodzie s\u0105dowej, oraz za\u015bwiadczenie komornika o ca\u0142kowitej lub cz\u0119\u015bciowej bezskuteczno\u015bci egzekucji aliment\u00f3w, a tak\u017ce o wysoko\u015bci wyegzekwowanych aliment\u00f3w,<\/li>\n\n\n\n<li><strong>odpis podlegaj\u0105cego wykonaniu orzeczenia s\u0105du zas\u0105dzaj\u0105cego alimenty na rzecz os\u00f3b w rodzinie lub poza rodzin\u0105, odpis postanowienia s\u0105du o zabezpieczeniu pow\u00f3dztwa o alimenty na rzecz os\u00f3b w rodzinie lub poza rodzin\u0105, lub odpis protoko\u0142u zawieraj\u0105cego tre\u015b\u0107 ugody s\u0105dowej lub odpis zatwierdzonej przez s\u0105d ugody zawartej przed mediatorem, zobowi\u0105zuj\u0105cych do aliment\u00f3w na rzecz os\u00f3b w rodzinie lub poza rodzin\u0105,<\/strong><\/li>\n\n\n\n<li>za\u015bwiadczenie od komornika prowadz\u0105cego post\u0119powanie egzekucyjne stwierdzaj\u0105ce bezskuteczno\u015b\u0107 egzekucji (za ostatnie dwa miesi\u0105ce poprzedzaj\u0105ce miesi\u0105c z\u0142o\u017cenia wniosku)<\/li>\n\n\n\n<li>za\u015bwiadczenie od komornika prowadz\u0105cego egzekucj\u0119 aliment\u00f3w wykazuj\u0105ce wp\u0142aty wyegzekwowane od d\u0142u\u017cnika w roku kalendarzowym poprzedzaj\u0105cym okres \u015bwiadczeniowy<\/li>\n\n\n\n<li>informacja w\u0142a\u015bciwego s\u0105du lub w\u0142a\u015bciwej instytucji o podj\u0119ciu przez osob\u0119 uprawnion\u0105 czynno\u015bci zwi\u0105zanych z wykonaniem tytu\u0142u wykonawczego za granic\u0105 albo o niepodj\u0119ciu tych czynno\u015bci w szczeg\u00f3lno\u015bci w zwi\u0105zku z:- brakiem podstawy prawnej do ich podj\u0119cia lub- brakiem mo\u017cliwo\u015bci wskazania przez osob\u0119 uprawnion\u0105 miejsca zamieszkania d\u0142u\u017cnika alimentacyjnego za granic\u0105;<\/li>\n\n\n\n<li>za\u015bwiadczenie lub o\u015bwiadczenie o ucz\u0119szczaniu osoby uprawnionej do szko\u0142y lub szko\u0142y wy\u017cszej, w przypadku, gdy osoba uprawniona uko\u0144czy\u0142a 18 rok \u017cycia;<\/li>\n\n\n\n<li>w przypadku, gdy osoba uprawniona znajduje si\u0119 pod opiek\u0105 opiekuna prawnego, orzeczenie s\u0105du rodzinnego o ustaleniu opiekuna prawnego dla osoby uprawnionej;<\/li>\n<\/ul>\n\n\n\n<div style=\"height:23px\" aria-hidden=\"true\" class=\"wp-block-spacer\"><\/div>\n\n\n\n<p>Organ w\u0142a\u015bciwy wierzyciela prowadz\u0105cy post\u0119powanie w sprawie \u015bwiadcze\u0144 z funduszu alimentacyjnego jest obowi\u0105zany do samodzielnego uzyskania od organ\u00f3w podatkowych lub ministra w\u0142a\u015bciwego do spraw finans\u00f3w publicznych, organ\u00f3w emerytalno-rentowych oraz z rejestr\u00f3w publicznych, drog\u0105 elektroniczn\u0105, za po\u015brednictwem ministra w\u0142a\u015bciwego do spraw rodziny, lub w drodze pisemnej, odpowiednio:<\/p>\n\n\n\n<div style=\"height:24px\" aria-hidden=\"true\" class=\"wp-block-spacer\"><\/div>\n\n\n\n<ol class=\"wp-block-list\">\n<li>informacji o dochodzie podlegaj\u0105cym opodatkowaniu podatkiem dochodowym od os\u00f3b fizycznych, na zasadach og\u00f3lnych,<\/li>\n\n\n\n<li>informacji o wieku i stanie cywilnym cz\u0142onk\u00f3w rodziny;<\/li>\n\n\n\n<li>informacji o wysoko\u015bci sk\u0142adek na ubezpieczenie zdrowotne, w tym informacji o wysoko\u015bci sk\u0142adek od poszczeg\u00f3lnych p\u0142atnik\u00f3w i okresach op\u0142acania przez nich tych sk\u0142adek;<\/li>\n\n\n\n<li>za\u015bwiadczenia lub informacji o zg\u0142oszeniu do ubezpiecze\u0144 spo\u0142ecznych;<\/li>\n\n\n\n<li>informacji o legitymowaniu si\u0119 orzeczeniem o znacznym stopniu niepe\u0142nosprawno\u015bci wydanym na podstawie przepis\u00f3w ustawy z dnia 27 sierpnia 1997 r. o rehabilitacji zawodowej i spo\u0142ecznej oraz zatrudnianiu os\u00f3b niepe\u0142nosprawnych (Dz. U. z 2011 r. Nr 127, poz. 721, z p\u00f3\u017an. zm.),<\/li>\n<\/ol>\n\n\n\n<div style=\"height:23px\" aria-hidden=\"true\" class=\"wp-block-spacer\"><\/div>\n\n\n\n<p>W przypadku awarii system\u00f3w teleinformatycznych s\u0142u\u017c\u0105cych do wymiany informacji drog\u0105 elektroniczn\u0105, organ w\u0142a\u015bciwy wierzyciela prowadz\u0105cy post\u0119powanie w sprawie \u015bwiadcze\u0144 z funduszu alimentacyjnego uzyskuje informacje, o kt\u00f3rych mowa w ust. 1, w drodze pisemnej wymiany informacji.<\/p>\n\n\n\n<div style=\"height:21px\" aria-hidden=\"true\" class=\"wp-block-spacer\"><\/div>\n\n\n\n<p>W przypadku braku mo\u017cliwo\u015bci samodzielnego uzyskania przez organ w\u0142a\u015bciwy wierzyciela informacji lub za\u015bwiadcze\u0144, z przyczyn niele\u017c\u0105cych po stronie tego organu, organ w\u0142a\u015bciwy wierzyciela, prowadz\u0105cy post\u0119powanie w sprawie \u015bwiadcze\u0144 z funduszu alimentacyjnego, wzywa osob\u0119 uprawnion\u0105 albo jej przedstawiciela do do\u0142\u0105czenia tych informacji lub za\u015bwiadcze\u0144.<\/p>\n\n\n\n<div style=\"height:27px\" aria-hidden=\"true\" class=\"wp-block-spacer\"><\/div>\n\n\n\n<p><strong>IV. Jak si\u0119 ustala doch\u00f3d uprawniaj\u0105cy do otrzymywania \u015bwiadcze\u0144 z funduszu alimentacyjnego?<\/strong><\/p>\n\n\n\n<div style=\"height:28px\" aria-hidden=\"true\" class=\"wp-block-spacer\"><\/div>\n\n\n\n<p>Doch\u00f3d rodziny w przeliczeniu na osob\u0119 ustala si\u0119 bior\u0105c pod uwag\u0119 dochody odpowiednio nast\u0119puj\u0105cych cz\u0142onk\u00f3w rodziny: rodzic\u00f3w osoby uprawnionej, ma\u0142\u017conka rodzica osoby uprawnionej, osob\u0119, z kt\u00f3r\u0105 rodzic osoby uprawnionej wychowuje wsp\u00f3lne dziecko, pozostaj\u0105ce na ich utrzymaniu dzieci w wieku do uko\u0144czenia 25. roku \u017cycia oraz dziecko, kt\u00f3re uko\u0144czy\u0142o 25. rok \u017cycia otrzymuj\u0105ce \u015bwiadczenia z funduszu alimentacyjnego lub legitymuj\u0105ce si\u0119 orzeczeniem o znacznym stopniu niepe\u0142nosprawno\u015bci, je\u017celi w zwi\u0105zku z t\u0105 niepe\u0142nosprawno\u015bci\u0105 przys\u0142uguje \u015bwiadczenie piel\u0119gnacyjne, a tak\u017ce osob\u0119 uprawnion\u0105; do rodziny nie zalicza si\u0119:<\/p>\n\n\n\n<div style=\"height:23px\" aria-hidden=\"true\" class=\"wp-block-spacer\"><\/div>\n\n\n\n<ul class=\"wp-block-list\">\n<li>dziecka pozostaj\u0105cego pod opiek\u0105 opiekuna prawnego,<\/li>\n\n\n\n<li>dziecka pozostaj\u0105cego w zwi\u0105zku ma\u0142\u017ce\u0144skim,<\/li>\n\n\n\n<li>rodzica osoby uprawnionej zobowi\u0105zanego tytu\u0142em wykonawczym pochodz\u0105cym lub zatwierdzonym przez s\u0105d do aliment\u00f3w na jej rzecz.<\/li>\n<\/ul>\n\n\n\n<div style=\"height:22px\" aria-hidden=\"true\" class=\"wp-block-spacer\"><\/div>\n\n\n\n<p>Je\u017celi prawo do \u015bwiadcze\u0144 ustala si\u0119 osobie uprawnionej pozostaj\u0105cej pod opiek\u0105 opiekuna prawnego, ustalaj\u0105c doch\u00f3d, uwzgl\u0119dnia si\u0119 tylko doch\u00f3d osoby uprawnionej.<\/p>\n\n\n\n<div style=\"height:23px\" aria-hidden=\"true\" class=\"wp-block-spacer\"><\/div>\n\n\n\n<p><strong>Przy ustalaniu uprawnie\u0144 do \u015bwiadcze\u0144 z funduszu alimentacyjnego brane s\u0105 pod uwag\u0119 dochody cz\u0142onk\u00f3w rodziny osi\u0105gni\u0119te w roku kalendarzowym poprzedzaj\u0105cym okres \u015bwiadczeniowy oraz zmiany w sytuacji dochodowej stanowi\u0105ce utrat\u0119 lub uzyskanie dochodu w rozumieniu ustawy o pomocy osobom uprawnionym do aliment\u00f3w.<\/strong><\/p>\n\n\n\n<div style=\"height:24px\" aria-hidden=\"true\" class=\"wp-block-spacer\"><\/div>\n\n\n\n<p>W przypadku uzyskania dochodu przez cz\u0142onka rodziny po roku kalendarzowym poprzedzaj\u0105cym okres \u015bwiadczeniowy doch\u00f3d ustala si\u0119 na podstawie dochodu cz\u0142onka rodziny powi\u0119kszonego o kwot\u0119 uzyskanego dochodu z miesi\u0105ca nast\u0119puj\u0105cego po miesi\u0105cu, w kt\u00f3rym doch\u00f3d zosta\u0142 osi\u0105gni\u0119ty. Natomiast w przypadku uzyskania dochodu w roku kalendarzowym poprzedzaj\u0105cym okres \u015bwiadczeniowy, uzyskany w tym roku doch\u00f3d dzieli si\u0119 przez liczb\u0119 miesi\u0119cy, w kt\u00f3rych doch\u00f3d ten by\u0142 osi\u0105gni\u0119ty. Przepisy o uzyskaniu dochodu maj\u0105 zastosowanie, je\u015bli doch\u00f3d uzyskany nadal jest uzyskiwany w dniu ustalania prawa do \u015bwiadcze\u0144 z funduszu alimentacyjnego.<\/p>\n\n\n\n<div style=\"height:24px\" aria-hidden=\"true\" class=\"wp-block-spacer\"><\/div>\n\n\n\n<p><strong>Uzyskanie dochodu<\/strong> w rozumieniu ustawy o pomocy osobom uprawnionym do aliment\u00f3w oznacza uzyskanie dochodu spowodowane:<\/p>\n\n\n\n<div style=\"height:27px\" aria-hidden=\"true\" class=\"wp-block-spacer\"><\/div>\n\n\n\n<ul class=\"wp-block-list\">\n<li>zako\u0144czeniem urlopu wychowawczego,<\/li>\n\n\n\n<li>uzyskaniem prawa do zasi\u0142ku lub stypendium dla bezrobotnych,<\/li>\n\n\n\n<li>uzyskaniem zatrudnienia lub innej pracy zarobkowej,<\/li>\n\n\n\n<li>uzyskaniem zasi\u0142ku przedemerytalnego lub \u015bwiadczenia przedemerytalnego, nauczycielskiego \u015bwiadczenia kompensacyjnego, a tak\u017ce emerytury lub renty, renty rodzinnej lub renty socjalnej,<\/li>\n\n\n\n<li>rozpocz\u0119ciem pozarolniczej dzia\u0142alno\u015bci gospodarczej lub wznowieniem jej wykonywania po okresie zawieszenia w rozumieniu art. 14a ust. 1d ustawy z dnia 2 lipca 2004 r. o swobodzie dzia\u0142alno\u015bci gospodarczej,<\/li>\n\n\n\n<li>uzyskaniem zasi\u0142ku chorobowego, \u015bwiadczenia rehabilitacyjnego lub zasi\u0142ku macierzy\u0144skiego, przys\u0142uguj\u0105cych po utracie zatrudnienia lub innej pracy zarobkowej,<\/li>\n\n\n\n<li>uzyskaniem \u015bwiadczenia rodzicielskiego,<\/li>\n\n\n\n<li>uzyskaniem zasi\u0142ku macierzy\u0144skiego, o kt\u00f3rym mowa w przepisach o ubezpieczeniu spo\u0142ecznym rolnik\u00f3w,<\/li>\n\n\n\n<li>uzyskaniem zasi\u0142ku lub stypendium dla bezrobotnych.<\/li>\n<\/ul>\n\n\n\n<div style=\"height:23px\" aria-hidden=\"true\" class=\"wp-block-spacer\"><\/div>\n\n\n\n<p>W przypadku utraty dochodu przez cz\u0142onka rodziny w roku kalendarzowym poprzedzaj\u0105cym okres \u015bwiadczeniowy lub po tym roku ustalaj\u0105c doch\u00f3d nie uwzgl\u0119dnia si\u0119 kwoty dochodu, kt\u00f3ry nast\u0119pnie zosta\u0142 utracony. Utrata dochodu nast\u0119puje na wniosek.<\/p>\n\n\n\n<div style=\"height:22px\" aria-hidden=\"true\" class=\"wp-block-spacer\"><\/div>\n\n\n\n<p><strong>Utrata dochodu<\/strong> oznacza utracenie dochodu spowodowane:<\/p>\n\n\n\n<div style=\"height:29px\" aria-hidden=\"true\" class=\"wp-block-spacer\"><\/div>\n\n\n\n<ul class=\"wp-block-list\">\n<li>uzyskaniem prawa do urlopu wychowawczego,<\/li>\n\n\n\n<li>utrat\u0105 prawa do zasi\u0142ku lub stypendium dla bezrobotnych,<\/li>\n\n\n\n<li>utrat\u0105 zatrudnienia lub innej pracy zarobkowej,<\/li>\n\n\n\n<li>utrat\u0105 zasi\u0142ku przedemerytalnego lub \u015bwiadczenia przedemerytalnego, nauczycielskiego \u015bwiadczenia kompensacyjnego, a tak\u017ce emerytury lub renty, renty rodzinnej lub renty socjalnej,<\/li>\n\n\n\n<li>wyrejestrowaniem pozarolniczej dzia\u0142alno\u015bci gospodarczej lub zawieszeniem jej wykonywania w rozumieniu art. 14a ust. 1d ustawy z dnia 2 lipca 2004 r. o swobodzie dzia\u0142alno\u015bci gospodarczej (Dz. U. z 2015 r. poz. 584, z p\u00f3\u017an. zm.),<\/li>\n\n\n\n<li>utrat\u0105 zas\u0105dzonych \u015bwiadcze\u0144 alimentacyjnych w zwi\u0105zku ze \u015bmierci\u0105 osoby zobowi\u0105zanej do tych \u015bwiadcze\u0144,<\/li>\n\n\n\n<li>utrat\u0105 zasi\u0142ku chorobowego, \u015bwiadczenia rehabilitacyjnego lub zasi\u0142ku macierzy\u0144skiego, przys\u0142uguj\u0105cych po utracie zatrudnienia lub innej pracy zarobkowej,<\/li>\n\n\n\n<li>utrat\u0105 \u015bwiadczenia rodzicielskiego,<\/li>\n\n\n\n<li>utrat\u0105 zasi\u0142ku macierzy\u0144skiego, o kt\u00f3rym mowa w przepisach o ubezpieczeniu spo\u0142ecznym rolnik\u00f3w,<\/li>\n\n\n\n<li>utrat\u0105 zasi\u0142ku lub stypendium dla bezrobotnych.<\/li>\n<\/ul>\n\n\n\n<div style=\"height:22px\" aria-hidden=\"true\" class=\"wp-block-spacer\"><\/div>\n\n\n\n<p>W przypadku gdy cz\u0142onek rodziny przebywa w instytucji zapewniaj\u0105cej ca\u0142odobowe utrzymanie, ustalaj\u0105c doch\u00f3d rodziny w przeliczeniu na osob\u0119, nie uwzgl\u0119dnia si\u0119 osoby przebywaj\u0105cej w tej instytucji.<\/p>\n\n\n\n<div style=\"height:29px\" aria-hidden=\"true\" class=\"wp-block-spacer\"><\/div>\n\n\n\n<p>Zatrudnienie lub inna praca zarobkowa jest rozumiane jako wykonywanie pracy na podstawie stosunku pracy, stosunku s\u0142u\u017cbowego, umowy o prac\u0119 nak\u0142adcz\u0105 oraz wykonywanie pracy lub \u015bwiadczenie us\u0142ug na podstawie umowy agencyjnej, umowy zlecenia, umowy o dzie\u0142o, kontraktu mened\u017cerskiego albo w okresie cz\u0142onkostwa w rolniczej sp\u00f3\u0142dzielni produkcyjnej, sp\u00f3\u0142dzielni k\u00f3\u0142ek rolniczych lub sp\u00f3\u0142dzielni us\u0142ug rolniczych, a tak\u017ce prowadzenie pozarolniczej dzia\u0142alno\u015bci gospodarczej.<\/p>\n\n\n\n<div style=\"height:20px\" aria-hidden=\"true\" class=\"wp-block-spacer\"><\/div>\n\n\n\n<p>W przypadku ustalania dochodu z gospodarstwa rolnego, przyjmuje si\u0119, \u017ce z 1 ha przeliczeniowego uzyskuje si\u0119 doch\u00f3d miesi\u0119czny w wysoko\u015bci 1\/12 dochodu og\u0142aszanego corocznie w drodze obwieszczenia przez Prezesa G\u0142\u00f3wnego Urz\u0119du Statystycznego. Je\u017celi rodzina lub osoba ucz\u0105ca si\u0119 uzyskuje dochody z gospodarstwa rolnego oraz uzyskuje pozarolnicze dochody, dochody te sumuje si\u0119.<\/p>\n\n\n\n<div style=\"height:26px\" aria-hidden=\"true\" class=\"wp-block-spacer\"><\/div>\n\n\n\n<p>Dochody brane pod uwag\u0119 przy ustalaniu prawa do \u015bwiadcze\u0144 z funduszu alimentacyjnego to:<\/p>\n\n\n\n<div style=\"height:20px\" aria-hidden=\"true\" class=\"wp-block-spacer\"><\/div>\n\n\n\n<ul class=\"wp-block-list\">\n<li>przychody podlegaj\u0105ce opodatkowaniu na zasadach okre\u015blonych w art. 27, 30b, 30c, 30e i 30 f ustawy z dnia 26 lipca 1991 r. o podatku dochodowym od os\u00f3b fizycznych, pomniejszone o koszty uzyskania przychodu, nale\u017cny podatek dochodowy od os\u00f3b fizycznych, sk\u0142adki na ubezpieczenia spo\u0142eczne niezaliczone do koszt\u00f3w uzyskania przychodu oraz sk\u0142adki na ubezpieczenie zdrowotne,<\/li>\n\n\n\n<li>doch\u00f3d z dzia\u0142alno\u015bci podlegaj\u0105cej opodatkowaniu na podstawie przepis\u00f3w o zrycza\u0142towanym podatku dochodowym od niekt\u00f3rych przychod\u00f3w osi\u0105ganych przez osoby fizyczne,<\/li>\n\n\n\n<li>inne dochody niepodlegaj\u0105ce opodatkowaniu na podstawie przepis\u00f3w o podatku dochodowym od os\u00f3b fizycznych (w szczeg\u00f3lno\u015bci: alimenty na rzecz dzieci, stypendia socjalne, nale\u017cno\u015bci otrzymywane z tytu\u0142u wynajmu pokoi go\u015bcinnych).<br>\nOd dochod\u00f3w odlicza si\u0119 kwot\u0119 aliment\u00f3w \u015bwiadczonych na rzecz innych os\u00f3b.<\/li>\n<\/ul>\n\n\n\n<div style=\"height:17px\" aria-hidden=\"true\" class=\"wp-block-spacer\"><\/div>\n\n\n\n<p><strong>V. Bezskuteczno\u015b\u0107 egzekucji<\/strong><\/p>\n\n\n\n<div style=\"height:16px\" aria-hidden=\"true\" class=\"wp-block-spacer\"><\/div>\n\n\n\n<p>W rozumieniu ww. ustawy oznacza egzekucj\u0119, w wyniku kt\u00f3rej w okresie ostatnich dw\u00f3ch miesi\u0119cy nie wyegzekwowano pe\u0142nej nale\u017cno\u015bci z tytu\u0142u zaleg\u0142ych i bie\u017c\u0105cych zobowi\u0105za\u0144 alimentacyjnych.<\/p>\n\n\n\n<div style=\"height:22px\" aria-hidden=\"true\" class=\"wp-block-spacer\"><\/div>\n\n\n\n<p>Za bezskuteczn\u0105 egzekucj\u0119 uwa\u017ca si\u0119 r\u00f3wnie\u017c niemo\u017cno\u015b\u0107 wszcz\u0119cia lub prowadzenia egzekucji aliment\u00f3w przeciwko d\u0142u\u017cnikowi alimentacyjnemu przebywaj\u0105cemu poza granicami Rzeczypospolitej Polskiej, w szczeg\u00f3lno\u015bci z powodu:<\/p>\n\n\n\n<div style=\"height:10px\" aria-hidden=\"true\" class=\"wp-block-spacer\"><\/div>\n\n\n\n<ul class=\"wp-block-list\">\n<li>braku podstawy prawnej do poj\u0119cia czynno\u015bci zmierzaj\u0105cych do wykonania tytu\u0142u wykonawczego w miejscu zamieszkania d\u0142u\u017cnika,<\/li>\n\n\n\n<li>braku mo\u017cliwo\u015bci wskazania przez osob\u0119 uprawnion\u0105 miejsca zamieszkania d\u0142u\u017cnika alimentacyjnego za granic\u0105.<\/li>\n<\/ul>\n","protected":false},"excerpt":{"rendered":"<p>I. Kto mo\u017ce skorzysta\u0107 z funduszu alimentacyjnego i jakie kryteria nale\u017cy spe\u0142nia\u0107? Fundusz alimentacyjny przys\u0142uguje osobie, kt\u00f3ra ma zas\u0105dzone alimenty na podstawie tytu\u0142u wykonawczego pochodz\u0105cego lub zatwierdzonego przez s\u0105d, je\u017celi jego egzekucja okaza\u0142a si\u0119 bezskuteczna. \u015awiadczenia z funduszu alimentacyjnego przys\u0142uguj\u0105 osobie uprawnionej: \u015awiadczenia z funduszu alimentacyjnego nie przys\u0142uguj\u0105, je\u017celi osoba uprawniona: \u015awiadczenia z funduszu alimentacyjnego [&hellip;]<\/p>\n","protected":false},"author":1,"featured_media":0,"parent":68,"menu_order":1,"comment_status":"closed","ping_status":"open","template":"","meta":{"footnotes":""},"class_list":["post-70","page","type-page","status-publish","hentry"],"_links":{"self":[{"href":"https:\/\/mops.malbork.pl\/index.php?rest_route=\/wp\/v2\/pages\/70","targetHints":{"allow":["GET"]}}],"collection":[{"href":"https:\/\/mops.malbork.pl\/index.php?rest_route=\/wp\/v2\/pages"}],"about":[{"href":"https:\/\/mops.malbork.pl\/index.php?rest_route=\/wp\/v2\/types\/page"}],"author":[{"embeddable":true,"href":"https:\/\/mops.malbork.pl\/index.php?rest_route=\/wp\/v2\/users\/1"}],"replies":[{"embeddable":true,"href":"https:\/\/mops.malbork.pl\/index.php?rest_route=%2Fwp%2Fv2%2Fcomments&post=70"}],"version-history":[{"count":13,"href":"https:\/\/mops.malbork.pl\/index.php?rest_route=\/wp\/v2\/pages\/70\/revisions"}],"predecessor-version":[{"id":2352,"href":"https:\/\/mops.malbork.pl\/index.php?rest_route=\/wp\/v2\/pages\/70\/revisions\/2352"}],"up":[{"embeddable":true,"href":"https:\/\/mops.malbork.pl\/index.php?rest_route=\/wp\/v2\/pages\/68"}],"wp:attachment":[{"href":"https:\/\/mops.malbork.pl\/index.php?rest_route=%2Fwp%2Fv2%2Fmedia&parent=70"}],"curies":[{"name":"wp","href":"https:\/\/api.w.org\/{rel}","templated":true}]}}