{"id":1866,"date":"2022-05-12T14:37:10","date_gmt":"2022-05-12T12:37:10","guid":{"rendered":"https:\/\/mops.malbork.pl\/?page_id=1866"},"modified":"2022-12-07T17:03:14","modified_gmt":"2022-12-07T15:03:14","slug":"aoon-edycja-2022","status":"publish","type":"page","link":"https:\/\/mops.malbork.pl\/?page_id=1866","title":{"rendered":"AOON edycja 2022"},"content":{"rendered":"\n<div class=\"wp-block-columns is-layout-flex wp-container-core-columns-is-layout-9d6595d7 wp-block-columns-is-layout-flex\">\n<div class=\"wp-block-column is-layout-flow wp-block-column-is-layout-flow\" style=\"flex-basis:100%\">\n<div class=\"wp-block-columns is-layout-flex wp-container-core-columns-is-layout-9d6595d7 wp-block-columns-is-layout-flex\">\n<div class=\"wp-block-column is-layout-flow wp-block-column-is-layout-flow\"><div class=\"wp-block-image\">\n<figure class=\"alignleft size-large\"><a href=\"https:\/\/mops.malbork.pl\/wp-content\/uploads\/2021\/06\/mrips.jpg\"><img loading=\"lazy\" decoding=\"async\" width=\"588\" height=\"190\" src=\"https:\/\/mops.malbork.pl\/wp-content\/uploads\/2021\/06\/mrips.jpg\" alt=\"Ministerstwo Rodziny i Polityki Spo\u0142ecznej\" class=\"wp-image-1535\" srcset=\"https:\/\/mops.malbork.pl\/wp-content\/uploads\/2021\/06\/mrips.jpg 588w, https:\/\/mops.malbork.pl\/wp-content\/uploads\/2021\/06\/mrips-300x97.jpg 300w\" sizes=\"auto, (max-width: 588px) 100vw, 588px\" \/><\/a><\/figure>\n<\/div><\/div>\n\n\n\n<div class=\"wp-block-column is-layout-flow wp-block-column-is-layout-flow\"><div class=\"wp-block-image\">\n<figure class=\"alignright size-large is-resized\"><a href=\"https:\/\/mops.malbork.pl\/wp-content\/uploads\/2021\/06\/MOPSwMalborku.jpg\"><img loading=\"lazy\" decoding=\"async\" src=\"https:\/\/mops.malbork.pl\/wp-content\/uploads\/2021\/06\/MOPSwMalborku.jpg\" alt=\"\" class=\"wp-image-1539\" width=\"177\" height=\"137\"\/><\/a><\/figure>\n<\/div><\/div>\n<\/div>\n<\/div>\n<\/div>\n\n\n\n<p><\/p>\n\n\n\n<p>Miejski O\u015brodek Pomocy Spo\u0142ecznej w Malborku informuje, \u017ce realizuje Program <strong>\u201eAsystent osobisty osoby niepe\u0142nosprawnej\u201d<\/strong> \u2013 edycja 2022, finansowany ze \u015brodk\u00f3w Pa\u0144stwowego Funduszu Celowego w ramach Funduszu Solidarno\u015bciowego<strong>.<\/strong><\/p>\n\n\n\n<div style=\"height:21px\" aria-hidden=\"true\" class=\"wp-block-spacer\"><\/div>\n\n\n\n<p>Podstaw\u0105 prawn\u0105 Programu jest art. 7 ust. 5 oraz art. 13 ustawy z dnia 23 pa\u017adziernika 2018 r. o Funduszu Solidarno\u015bciowym (Dz. U. z 2020 r. poz. 1787).<\/p>\n\n\n\n<div style=\"height:22px\" aria-hidden=\"true\" class=\"wp-block-spacer\"><\/div>\n\n\n\n<p><strong>Czas trwania Programu: <\/strong>01.04.2022 r. &#8211; 31.12.2022 r.<\/p>\n\n\n\n<div style=\"height:27px\" aria-hidden=\"true\" class=\"wp-block-spacer\"><\/div>\n\n\n\n<p><strong>Ca\u0142kowita warto\u015b\u0107 dofinansowania<\/strong><strong> <\/strong><strong>wynosi:<\/strong><strong> <\/strong>649 638,00 z\u0142<\/p>\n\n\n\n<div style=\"height:21px\" aria-hidden=\"true\" class=\"wp-block-spacer\"><\/div>\n\n\n\n<p><strong>Program \u201eAsystent osobisty osoby niepe\u0142nosprawnej\u201d skierowany jest do:<\/strong><\/p>\n\n\n\n<ul class=\"wp-block-list\"><li>dzieci do 16 roku \u017cycia z orzeczeniem o niepe\u0142nosprawno\u015bci \u0142\u0105cznie ze wskazaniami: konieczno\u015bci sta\u0142ej lub d\u0142ugotrwa\u0142ej opieki lub pomocy innej osoby&nbsp; w zwi\u0105zku<br>ze znacznie ograniczon\u0105 mo\u017cliwo\u015bci\u0105 samodzielnej egzystencji oraz konieczno\u015bci sta\u0142ego wsp\u00f3\u0142udzia\u0142u na co dzie\u0144 opiekuna dziecka w procesie jego leczenia, rehabilitacji i edukacji;<\/li><li>os\u00f3b niepe\u0142nosprawnych posiadaj\u0105cych orzeczenie o znacznym lub umiarkowanym stopniu niepe\u0142nosprawno\u015bci wydane na podstawie ustawy z dnia 27 sierpnia 1997 r.<br>o rehabilitacji zawodowej i spo\u0142ecznej oraz zatrudnianiu os\u00f3b niepe\u0142nosprawnych albo orzeczenia r\u00f3wnowa\u017cne do wy\u017cej wymienionych.<\/li><\/ul>\n\n\n\n<div style=\"height:22px\" aria-hidden=\"true\" class=\"wp-block-spacer\"><\/div>\n\n\n\n<p><strong>Us\u0142ugi asystenta w szczeg\u00f3lno\u015bci b\u0119d\u0105 polega\u0107 na pomocy asystenta w:<\/strong><\/p>\n\n\n\n<ul class=\"wp-block-list\"><li>wykonywaniu czynno\u015bci dnia codziennego dla uczestnika Programu;<\/li><li>wyj\u015bciu, powrocie lub dojazdach z uczestnikiem Programu w wybrane przez uczestnika miejsca;<\/li><li>za\u0142atwianiu spraw urz\u0119dowych;<\/li><li>korzystaniu z d\u00f3br kultury (np. muzeum, teatr, kino, galerie sztuki, wystawy); zaprowadzaniu dzieci z orzeczeniem o niepe\u0142nosprawno\u015bci do plac\u00f3wki o\u015bwiatowej lub przyprowadzaniu ich z niej.<\/li><\/ul>\n\n\n\n<div style=\"height:24px\" aria-hidden=\"true\" class=\"wp-block-spacer\"><\/div>\n\n\n\n<p>G\u0142\u00f3wnym celem Programu jest wprowadzenie us\u0142ugi asystenta jako formy og\u00f3lnodost\u0119pnego wsparcia. Program ma zapewni\u0107 us\u0142ug\u0119 asystenta osobistego osoby niepe\u0142nosprawnej, maj\u0105c\u0105 na celu pomoc uczestnikom Programu w&nbsp;wykonywaniu codziennych czynno\u015bci oraz w funkcjonowaniu w \u017cyciu spo\u0142ecznym.<\/p>\n\n\n\n<div style=\"height:23px\" aria-hidden=\"true\" class=\"wp-block-spacer\"><\/div>\n\n\n<div class=\"wp-block-image\">\n<figure class=\"aligncenter size-large\"><a href=\"https:\/\/mops.malbork.pl\/wp-content\/uploads\/2022\/12\/plakat-AOON-2022.jpg\"><img loading=\"lazy\" decoding=\"async\" width=\"773\" height=\"1024\" src=\"https:\/\/mops.malbork.pl\/wp-content\/uploads\/2022\/12\/plakat-AOON-2022-773x1024.jpg\" alt=\"Dofinansowano ze \u015brodk\u00f3w pa\u0144stwowego funduszu celowego fundusz solidarno\u015bciowy Asystent osobisty osoby niepe\u0142nosprawnej Edycja 2022 Dofinansowanie 649638,00 z\u0142 Ca\u0142kowita warto\u015b\u0107 649638,00 z\u0142\" class=\"wp-image-1980\" srcset=\"https:\/\/mops.malbork.pl\/wp-content\/uploads\/2022\/12\/plakat-AOON-2022-773x1024.jpg 773w, https:\/\/mops.malbork.pl\/wp-content\/uploads\/2022\/12\/plakat-AOON-2022-226x300.jpg 226w, https:\/\/mops.malbork.pl\/wp-content\/uploads\/2022\/12\/plakat-AOON-2022-768x1018.jpg 768w, https:\/\/mops.malbork.pl\/wp-content\/uploads\/2022\/12\/plakat-AOON-2022.jpg 800w\" sizes=\"auto, (max-width: 773px) 100vw, 773px\" \/><\/a><\/figure>\n<\/div>\n\n<p><!-- \/wp:post-content --><\/p>\n<p><br \/><!-- wp:columns --><\/p>\n\n<!-- wp:paragraph -->\n<p><\/p>\n<!-- \/wp:paragraph -->\n\n<!-- wp:paragraph -->\n<p><\/p>\n<!-- \/wp:paragraph -->","protected":false},"excerpt":{"rendered":"<p>Miejski O\u015brodek Pomocy Spo\u0142ecznej w Malborku informuje, \u017ce realizuje Program \u201eAsystent osobisty osoby niepe\u0142nosprawnej\u201d \u2013 edycja 2022, finansowany ze \u015brodk\u00f3w Pa\u0144stwowego Funduszu Celowego w ramach Funduszu Solidarno\u015bciowego. Podstaw\u0105 prawn\u0105 Programu jest art. 7 ust. 5 oraz art. 13 ustawy z dnia 23 pa\u017adziernika 2018 r. o Funduszu Solidarno\u015bciowym (Dz. U. z 2020 r. poz. 1787). [&hellip;]<\/p>\n","protected":false},"author":3,"featured_media":0,"parent":1522,"menu_order":0,"comment_status":"closed","ping_status":"closed","template":"","meta":{"footnotes":""},"class_list":["post-1866","page","type-page","status-publish","hentry"],"_links":{"self":[{"href":"https:\/\/mops.malbork.pl\/index.php?rest_route=\/wp\/v2\/pages\/1866","targetHints":{"allow":["GET"]}}],"collection":[{"href":"https:\/\/mops.malbork.pl\/index.php?rest_route=\/wp\/v2\/pages"}],"about":[{"href":"https:\/\/mops.malbork.pl\/index.php?rest_route=\/wp\/v2\/types\/page"}],"author":[{"embeddable":true,"href":"https:\/\/mops.malbork.pl\/index.php?rest_route=\/wp\/v2\/users\/3"}],"replies":[{"embeddable":true,"href":"https:\/\/mops.malbork.pl\/index.php?rest_route=%2Fwp%2Fv2%2Fcomments&post=1866"}],"version-history":[{"count":9,"href":"https:\/\/mops.malbork.pl\/index.php?rest_route=\/wp\/v2\/pages\/1866\/revisions"}],"predecessor-version":[{"id":1992,"href":"https:\/\/mops.malbork.pl\/index.php?rest_route=\/wp\/v2\/pages\/1866\/revisions\/1992"}],"up":[{"embeddable":true,"href":"https:\/\/mops.malbork.pl\/index.php?rest_route=\/wp\/v2\/pages\/1522"}],"wp:attachment":[{"href":"https:\/\/mops.malbork.pl\/index.php?rest_route=%2Fwp%2Fv2%2Fmedia&parent=1866"}],"curies":[{"name":"wp","href":"https:\/\/api.w.org\/{rel}","templated":true}]}}