{"id":1771,"date":"2022-01-18T18:56:09","date_gmt":"2022-01-18T16:56:09","guid":{"rendered":"https:\/\/mops.malbork.pl\/?page_id=1771"},"modified":"2024-07-25T16:13:16","modified_gmt":"2024-07-25T14:13:16","slug":"kontakt","status":"publish","type":"page","link":"https:\/\/mops.malbork.pl\/?page_id=1771","title":{"rendered":"Kontakt"},"content":{"rendered":"\n<p><strong>Przewodnicz\u0105cy Zespo\u0142u Interdyscyplinarnego<\/strong><br>Dorota Andrysiewicz<\/p>\n\n\n\n<div style=\"height:17px\" aria-hidden=\"true\" class=\"wp-block-spacer\"><\/div>\n\n\n\n<p>Poczta elektroniczna: <a href=\"mailto:dorota.andrysiewicz@mops.malbork.pl\">dorota.andrysiewicz@mops.malbork.pl<\/a><br>Specjalista ds. interdyscyplinarnych tel. wew. 38<\/p>\n\n\n\n<div style=\"height:26px\" aria-hidden=\"true\" class=\"wp-block-spacer\"><\/div>\n\n\n\n<p>Zesp\u00f3\u0142 Interdyscyplinarny do Spraw Przeciwdzia\u0142ania Przemocy Domowej,<br>ZI czynny od poniedzia\u0142ku do pi\u0105tku w godz. od 7.00 \u2013 15.00<\/p>\n\n\n\n<p><\/p>\n","protected":false},"excerpt":{"rendered":"<p>Przewodnicz\u0105cy Zespo\u0142u InterdyscyplinarnegoDorota Andrysiewicz Poczta elektroniczna: dorota.andrysiewicz@mops.malbork.plSpecjalista ds. interdyscyplinarnych tel. wew. 38 Zesp\u00f3\u0142 Interdyscyplinarny do Spraw Przeciwdzia\u0142ania Przemocy Domowej,ZI czynny od poniedzia\u0142ku do pi\u0105tku w godz. od 7.00 \u2013 15.00<\/p>\n","protected":false},"author":3,"featured_media":0,"parent":1759,"menu_order":0,"comment_status":"closed","ping_status":"closed","template":"","meta":{"footnotes":""},"class_list":["post-1771","page","type-page","status-publish","hentry"],"_links":{"self":[{"href":"https:\/\/mops.malbork.pl\/index.php?rest_route=\/wp\/v2\/pages\/1771","targetHints":{"allow":["GET"]}}],"collection":[{"href":"https:\/\/mops.malbork.pl\/index.php?rest_route=\/wp\/v2\/pages"}],"about":[{"href":"https:\/\/mops.malbork.pl\/index.php?rest_route=\/wp\/v2\/types\/page"}],"author":[{"embeddable":true,"href":"https:\/\/mops.malbork.pl\/index.php?rest_route=\/wp\/v2\/users\/3"}],"replies":[{"embeddable":true,"href":"https:\/\/mops.malbork.pl\/index.php?rest_route=%2Fwp%2Fv2%2Fcomments&post=1771"}],"version-history":[{"count":3,"href":"https:\/\/mops.malbork.pl\/index.php?rest_route=\/wp\/v2\/pages\/1771\/revisions"}],"predecessor-version":[{"id":2260,"href":"https:\/\/mops.malbork.pl\/index.php?rest_route=\/wp\/v2\/pages\/1771\/revisions\/2260"}],"up":[{"embeddable":true,"href":"https:\/\/mops.malbork.pl\/index.php?rest_route=\/wp\/v2\/pages\/1759"}],"wp:attachment":[{"href":"https:\/\/mops.malbork.pl\/index.php?rest_route=%2Fwp%2Fv2%2Fmedia&parent=1771"}],"curies":[{"name":"wp","href":"https:\/\/api.w.org\/{rel}","templated":true}]}}